n = 1. List the prime factors of p.
3
Let t(f) = 8*f - 41. List the prime factors of t(8).
23
Let t(d) be the second derivative of -19*d**5/20 + d**4/12 - 3*d. List the prime factors of t(-1).
2, 5
Suppose -3*n - 608 = -4*k - 185, -2*k - 5*n + 231 = 0. Let y be 1/5 + 58/10. What are the prime factors of k/14 - y/(-21)?
2
Suppose -2*r + 196 = -8. What are the prime factors of r?
2, 3, 17
Suppose i - 8 = p - 6*p, 3*p + 4*i + 2 = 0. Suppose -15 = 7*n - p*n. What are the prime factors of 2 + 3/n + 2?
3
Let n(y) = 10*y**2 - 2*y. List the prime factors of n(5).
2, 3, 5
Let z(n) = 7*n**3 + 2*n**2 - 1. Let r be z(1). Let m = 5 - r. What are the prime factors of (m + -30)*1/(-3)?
11
Suppose -2*c - 176 = -4*g - 0*c, -190 = -4*g - 5*c. List the prime factors of g.
3, 5
Let y = 5 - -3. Suppose 2*z = -0*z - 6. Let a = y - z. List the prime factors of a.
11
Suppose 9 = w - l - 3*l, 2*w - 5*l = 24. List the prime factors of w.
17
Let l(u) = u**3 + 4*u**2 - 4*u. Let y be l(-3). List the prime factors of (-6)/y - 820/(-28).
29
Let y(j) = j**3 - 2*j**2 - j + 3. What are the prime factors of y(0)?
3
Let y(p) = p**2 - 2*p - 5. List the prime factors of y(12).
5, 23
Let g(s) = s**2 + 7*s + 5. Let r(h) = -2*h**2 - 13*h - 9. Let y(m) = -5*g(m) - 3*r(m). Let f be 18/(-4) - 1/(-2). What are the prime factors of y(f)?
2
Let g = 2 + -9. Let b = g + 17. What are the prime factors of b?
2, 5
Let u(o) = o**3 + 11*o**2 - o - 1. What are the prime factors of u(-9)?
2, 5, 17
Let u be -23 - 1 - (1 - 0). Suppose q = -5*z - 2*q - 76, -10 = 5*q. Let v = z - u. What are the prime factors of v?
11
Let w be 6/27*-33*-6. Suppose b - 35 + 4 = 0. Let j = w - b. List the prime factors of j.
13
Suppose 5*m - 70 = -0*m. Let b = 23 - m. What are the prime factors of b?
3
Suppose -2*k + 4*k = b - 26, -b = 3*k - 11. What are the prime factors of b?
2, 5
Let q be 3/(-2)*(-16)/12. List the prime factors of 6*(q + 12/9).
2, 5
Suppose 3*u - 1 + 25 = 0. What are the prime factors of 48/20*(-20)/u?
2, 3
Let o(q) = 28*q**2 + 2*q - 3. What are the prime factors of o(2)?
113
Let z be (6/9)/((-2)/(-48)). Let i be z/(-2)*3/2. List the prime factors of (-174)/i - 1/(-2).
3, 5
Let i(x) = 9*x**2 - 2*x. Let y be i(-2). Suppose 3*w = 7*w - y. What are the prime factors of w?
2, 5
Suppose -4*z + 357 = -219. List the prime factors of z.
2, 3
Let a(i) = i - 6 - 1 - 6*i + 2*i. Suppose -2 = s + 4. List the prime factors of a(s).
11
Let s be -1*(-5)/((-5)/(-2)). Suppose 18 = -d + s*d + 4*j, 4*j - 38 = -3*d. What are the prime factors of d?
2, 5
Let t = 87 + -53. Suppose 5*l - t = -9. Suppose l*j = -0*j + 60. List the prime factors of j.
2, 3
Let u = 7 + 0. List the prime factors of u + -3 + 2*-1.
2
Let m = 274 - 120. List the prime factors of m.
2, 7, 11
Suppose -2*i + 16 = -o, 3*o - 2*o = -2. Let v(s) = s**2 - 6*s + 8. What are the prime factors of v(i)?
3, 5
Suppose -54 = -2*f - 10. Suppose 2*q + 2*t + 2*t = -f, -5*q - 3*t = 27. List the prime factors of 4*(-3)/9*q.
2
Suppose 2*j = -2 + 10. Suppose 0*w + w - j*u = 0, -3*w + 20 = -2*u. What are the prime factors of w?
2
What are the prime factors of -4*(-6 - (1 - 1))?
2, 3
Suppose -5 = 2*q + 11. Let d = 5 - -8. Let m = d + q. What are the prime factors of m?
5
Suppose 139 = 5*a - 2*m, 11*a + 5*m - 125 = 6*a. What are the prime factors of a?
3
Let b(l) = 5 + l**2 + 4*l - 8*l - 2*l. Let i be b(6). Suppose 45 = i*v - 2*v. What are the prime factors of v?
3, 5
Suppose -8 - 28 = -2*n + 3*r, -5*n + 90 = 2*r. Let k(m) = m - 8. Let l be k(6). Let z = l + n. List the prime factors of z.
2
Suppose a = 8 + 11. What are the prime factors of a?
19
Let y = 164 - 32. What are the prime factors of y?
2, 3, 11
Let i(g) = 7*g**3 - 4*g**2 + 2*g - 12. Let a(c) = 20*c**3 - 13*c**2 + 6*c - 37. Let z(u) = 6*a(u) - 17*i(u). List the prime factors of z(10).
2
Suppose f - b - 44 = b, -b - 5 = 0. Let s = 1 + f. What are the prime factors of s?
5, 7
Let w(r) = r**3 - 8*r**2 - 4. Let f be w(8). Let p be -1 - 2/f*2. Suppose 3*i + 2*i - 55 = p. What are the prime factors of i?
11
Let m be 1/(-2)*(-24)/6. Let w be m/(-5)*(-60)/(-3). What are the prime factors of 1/4 + (-14)/w?
2
Let d = 174 - 93. List the prime factors of d.
3
Suppose 5*x - 3*x + 18 = 0. List the prime factors of -3 + 0 + (5 - x).
11
Let g = 5 + -8. Let n be 0/(g/((-9)/(-3))). Suppose 0 = m + 4, n*q + 3*m - 16 = -4*q. List the prime factors of q.
7
Let j = -21 - -36. List the prime factors of j.
3, 5
Let a = 48 - -63. Suppose 9 + a = 4*f. What are the prime factors of f?
2, 3, 5
Let u(f) be the third derivative of -f**4/4 - f**3/3 + 2*f**2. List the prime factors of u(-2).
2, 5
List the prime factors of 2/8 + (-973)/(-28).
5, 7
Let h(o) = 233*o**3 + o**2 + 3*o - 2. List the prime factors of h(1).
5, 47
What are the prime factors of (-7)/(21/(-204)) - -4?
2, 3
Let r = 0 - -4. What are the prime factors of 8/(-12)*(-138)/r?
23
List the prime factors of (-148)/(-2 + 0) - 3.
71
Let i(d) be the second derivative of -d**4/12 - 5*d**3/3 - 3*d**2/2 - d. Suppose 12 = 3*b, -49 = 5*p - 2*b + b. What are the prime factors of i(p)?
2, 3
List the prime factors of (-124)/(-7) + (-28)/(-98).
2, 3
Let r be 26 - (2 + 0/(-1)). Let o be ((-14)/4)/((-4)/r). Let f = 29 - o. List the prime factors of f.
2
Let w be 98/10 + 1/5. Let h be (w/3)/((-2)/6). What are the prime factors of (-32)/(-10) - (-2)/h?
3
Let f be (-12)/(-1) - (-1 + 0). Let x = -22 + f. What are the prime factors of (-30)/x*(0 + 3)?
2, 5
Suppose -4*y - 105 = -y. Let h be (-2)/4*-2 - y. Suppose 2*c + 10 = h. What are the prime factors of c?
13
Let h(o) = o**3 - 5*o**2 + o - 1. Let g be h(2). Let x = 19 + g. What are the prime factors of x?
2
Let f = 190 - 65. What are the prime factors of f?
5
Let q(t) = 4*t. Let a be q(-6). Let u = a + 36. List the prime factors of u.
2, 3
Let q(b) = -2*b. What are the prime factors of q(-2)?
2
Let r = -18 + 28. List the prime factors of r.
2, 5
Let p = 99 + -81. List the prime factors of p.
2, 3
Let x = 17 - 6. Suppose 4*b + 5*f - 43 = -x, -3*f + 24 = 3*b. List the prime factors of b.
2
Suppose 0*f = 3*f + u - 78, -f + 3*u + 16 = 0. List the prime factors of f.
5
Let x = -4 + 77. List the prime factors of x.
73
Let x be (14/(-4) + 3)*-4. What are the prime factors of -1 + (0 - x) + 17?
2, 7
Let t = 47 + -25. What are the prime factors of t?
2, 11
Suppose 10 = -k + 1. Let f = k + 19. What are the prime factors of f?
2, 5
Suppose a - 2*l - 14 = -0*a, a - l - 10 = 0. Let d = a - 7. Let t = 2 - d. List the prime factors of t.
3
List the prime factors of (3 + (-203)/14)*(-8 - 2).
5, 23
Let f(m) = m**3 - 7*m**2. Let o be f(7). Suppose 2*j - 8 = o, 0*v - 3*v - j + 4 = 0. Suppose 14 = i - v*i. List the prime factors of i.
2, 7
Let p be (8/(-12))/(1/(-15)). Let q = p - 17. List the prime factors of 6 - ((-3 - q) + -3).
5
Let d(b) = b**3 + 4*b**2 + 2. Let k be d(-3). Let x = k - 6. List the prime factors of x.
5
Let a = -5 + 10. Suppose 2*t - 12 - 10 = -n, 2*n = a*t + 17. List the prime factors of n.
2
Let w = -3 + 1. Let u be -4*((-5)/2 - w). List the prime factors of ((-2)/4)/(u/(-48)).
2, 3
Let k(v) = v**3 + 6*v**2 - v. List the prime factors of k(-5).
2, 3, 5
What are the prime factors of 4 + -3 - 208/(-4)?
53
Suppose -l = 2*o - 62, o - 22 = -3*l - 2*l. What are the prime factors of o?
2
Let q(c) = c**2 - 13*c + 11. Let p(w) = w**2 + 3*w - 6. Let k be p(-6). Let m be q(k). List the prime factors of -6*3*m/2.
3
Let f = -114 + 120. List the prime factors of f.
2, 3
Suppose -v = -5*v + 132. What are the prime factors of v?
3, 11
Let u(r) = 2*r**2 + 7*r + 2. Suppose 0 = 7*z - 3*z + 24. What are the prime factors of u(z)?
2
Suppose 2*j + 57 = -j. Let y = j + 27. List the prime factors of y.
2
Let h(u) = -u**2 - 18*u - 13. What are the prime factors of h(-9)?
2, 17
Let g = 30 + 308. What are the prime factors of g?
2, 13
Let i = 8 + 44. What are the prime factors of i?
2, 13
Let q be 177 + (0 + -2)*-1. Suppose 191 = 5*k - w - 0*w, 0 = -5*k + 4*w + q. Suppose 4*n - 1 = k. List the prime factors of n.
2, 5
Let q = 206 - 76. List the prime factors of q.
2, 5, 13
Let r be -1*(-3)/(-3) - -3. Suppose b = -r*b + 48. List the prime factors of b.
2
Let g(q) be the first derivative of 3*q + 1/2*q**2 - 2. What are the prime factors of g(4)?
7
Let u = 3 - -26. List th